 61340 is divided by 7664.
28
Calculate the remainder when 990 is divided by 228.
78
What is the remainder when 2248 is divided by 2099?
149
Calculate the remainder when 683 is divided by 93.
32
What is the remainder when 1619 is divided by 625?
369
What is the remainder when 4656 is divided by 2173?
310
Calculate the remainder when 46500 is divided by 2448.
2436
What is the remainder when 7262 is divided by 14?
10
What is the remainder when 909 is divided by 448?
13
What is the remainder when 6068 is divided by 2945?
178
What is the remainder when 8507 is divided by 86?
79
Calculate the remainder when 1766 is divided by 583.
17
What is the remainder when 115019 is divided by 149?
140
What is the remainder when 178209 is divided by 296?
17
Calculate the remainder when 160350 is divided by 120.
30
What is the remainder when 89487 is divided by 57?
54
What is the remainder when 66221 is divided by 47?
45
Calculate the remainder when 573776 is divided by 10.
6
Calculate the remainder when 13287 is divided by 6628.
31
What is the remainder when 1507 is divided by 101?
93
What is the remainder when 3859 is divided by 37?
11
Calculate the remainder when 37606 is divided by 10.
6
What is the remainder when 3226 is divided by 2?
0
What is the remainder when 962114 is divided by 21?
20
What is the remainder when 2044735 is divided by 743?
742
Calculate the remainder when 68086 is divided by 861.
67
Calculate the remainder when 18885 is divided by 993.
18
Calculate the remainder when 6398 is divided by 2130.
8
What is the remainder when 10496 is divided by 161?
31
Calculate the remainder when 30564 is divided by 283.
0
What is the remainder when 11254 is divided by 148?
6
Calculate the remainder when 67484 is divided by 22487.
23
What is the remainder when 21678 is divided by 50?
28
What is the remainder when 10047 is divided by 10037?
10
What is the remainder when 13173 is divided by 626?
27
Calculate the remainder when 4984 is divided by 180.
124
What is the remainder when 350 is divided by 52?
38
Calculate the remainder when 1144 is divided by 443.
258
What is the remainder when 71592 is divided by 371?
360
What is the remainder when 7568 is divided by 2513?
29
Calculate the remainder when 50729 is divided by 25350.
29
Calculate the remainder when 14548 is divided by 8.
4
What is the remainder when 16114 is divided by 5368?
10
What is the remainder when 55244 is divided by 417?
200
What is the remainder when 64660 is divided by 64659?
1
Calculate the remainder when 1904049 is divided by 847.
840
What is the remainder when 1533 is divided by 403?
324
What is the remainder when 5717 is divided by 40?
37
What is the remainder when 42762 is divided by 264?
258
Calculate the remainder when 27856 is divided by 1203.
187
Calculate the remainder when 23352 is divided by 141.
87
Calculate the remainder when 92635 is divided by 193.
188
Calculate the remainder when 52218 is divided by 66.
12
Calculate the remainder when 1213 is divided by 438.
337
What is the remainder when 640165 is divided by 172?
153
What is the remainder when 9286 is divided by 143?
134
What is the remainder when 1486 is divided by 8?
6
What is the remainder when 153800 is divided by 338?
10
What is the remainder when 9460 is divided by 32?
20
Calculate the remainder when 6181 is divided by 213.
4
What is the remainder when 113795 is divided by 116?
115
What is the remainder when 87233 is divided by 67?
66
What is the remainder when 305055 is divided by 78?
75
Calculate the remainder when 1386 is divided by 548.
290
Calculate the remainder when 6731 is divided by 3290.
151
What is the remainder when 164 is divided by 21?
17
What is the remainder when 8804 is divided by 304?
292
Calculate the remainder when 31829 is divided by 612.
5
Calculate the remainder when 204506 is divided by 1363.
56
Calculate the remainder when 19674 is divided by 10.
4
What is the remainder when 15392 is divided by 1452?
872
Calculate the remainder when 97236 is divided by 119.
13
What is the remainder when 2995 is divided by 2789?
206
Calculate the remainder when 212439 is divided by 582.
9
Calculate the remainder when 57451 is divided by 399.
394
Calculate the remainder when 282416 is divided by 241.
205
What is the remainder when 1194609 is divided by 30631?
0
What is the remainder when 14515 is divided by 110?
105
Calculate the remainder when 110451 is divided by 389.
364
What is the remainder when 6793943 is divided by 456?
455
Calculate the remainder when 4049 is divided by 1897.
255
What is the remainder when 2623 is divided by 805?
208
What is the remainder when 233 is divided by 102?
29
Calculate the remainder when 107211 is divided by 151.
1
What is the remainder when 1290417 is divided by 18?
15
Calculate the remainder when 2310 is divided by 249.
69
What is the remainder when 116984 is divided by 1361?
1299
What is the remainder when 25701 is divided by 119?
116
Calculate the remainder when 90567 is divided by 2267.
2154
What is the remainder when 69494 is divided by 939?
8
Calculate the remainder when 510087 is divided by 294.
291
What is the remainder when 1898 is divided by 247?
169
Calculate the remainder when 66236 is divided by 288.
284
What is the remainder when 3938 is divided by 495?
473
Calculate the remainder when 8603 is divided by 1075.
3
Calculate the remainder when 3661 is divided by 773.
569
Calculate the remainder when 1564 is divided by 46.
0
What is the remainder when 188025 is divided by 41?
40
Calculate the remainder when 1255 is divided by 148.
71
What is the remainder when 14525 is divided by 4840?
5
Calculate the remainder when 1630 is divided by 513.
91
Calculate the remainder when 36871 is divided by 9215.
11
What is the remainder when 244079 is divided by 180?
179
Calculate the remainder when 3295301 is divided by 2381.
2378
What is the remainder when 27919 is divided by 393?
16
What is the remainder when 31469 is divided by 43?
36
Calculate the remainder when 1957 is divided by 323.
19
What is the remainder when 13289 is divided by 401?
56
Calculate the remainder when 35072 is divided by 328.
304
Calculate the remainder when 72043 is divided by 26.
23
Calculate the remainder when 3008 is divided by 2.
0
What is the remainder when 11643 is divided by 39?
21
What is the remainder when 479038 is divided by 96?
94
What is the remainder when 47309 is divided by 690?
389
What is the remainder when 2252 is divided by 49?
47
What is the remainder when 129079 is divided by 51?
49
What is the remainder when 25273 is divided by 12630?
13
Calculate the remainder when 4394254 is divided by 258.
256
What is the remainder when 168373 is divided by 42087?
25
What is the remainder when 51919 is divided by 721?
7
What is the remainder when 18936 is divided by 18928?
8
Calculate the remainder when 2993 is divided by 23.
3
What is the remainder when 38759 is divided by 34?
33
Calculate the remainder when 2057078 is divided by 291.
290
Calculate the remainder when 4997 is divided by 4977.
20
Calculate the remainder when 27713 is divided by 330.
323
What is the remainder when 971 is divided by 194?
1
What is the remainder when 233688 is divided by 1140?
1128
Calculate the remainder when 3527 is divided by 154.
139
Calculate the remainder when 25208 is divided by 168.
8
What is the remainder when 141957 is divided by 42?
39
Calculate the remainder when 1021 is divided by 218.
149
Calculate the remainder when 198142 is divided by 86.
84
What is the remainder when 778 is divided by 448?
330
What is the remainder when 10115 is divided by 9937?
178
Calculate the remainder when 3115 is divided by 553.
350
What is the remainder when 712 is divided by 115?
22
Calculate the remainder when 106020 is divided by 1093.
1092
Calculate the remainder when 24549 is divided by 248.
245
Calculate the remainder when 133440 is divided by 66716.
8
Calculate the remainder when 2943 is divided by 585.
18
What is the remainder when 24439 is divided by 25?
14
Calculate the remainder when 1035411 is divided by 24.
3
Calculate the remainder when 950 is divided by 58.
22
What is the remainder when 11402 is divided by 131?
5
What is the remainder when 518079 is divided by 32?
31
What is the remainder when 158259 is divid